d 47864?
193
Calculate the highest common divisor of 85 and 4906897.
17
Calculate the greatest common factor of 164 and 338497230.
82
What is the highest common divisor of 96799 and 188?
1
What is the greatest common divisor of 4172482 and 1894?
1894
What is the greatest common factor of 583053 and 767334?
3021
What is the highest common divisor of 6334984 and 848?
424
What is the greatest common divisor of 28986968 and 752?
376
What is the greatest common divisor of 33523894 and 12077?
929
What is the greatest common factor of 137858 and 90902?
602
What is the greatest common divisor of 845899 and 3798?
211
What is the greatest common divisor of 143 and 9453818?
11
Calculate the highest common factor of 93423780 and 11844.
1692
Calculate the greatest common divisor of 684254 and 350704.
1906
What is the greatest common factor of 1763780 and 1740?
580
Calculate the highest common divisor of 106624 and 45339.
119
Calculate the greatest common factor of 5157261 and 494433.
3609
What is the greatest common divisor of 2157009 and 293733?
2967
Calculate the greatest common factor of 80135 and 8990.
155
Calculate the greatest common divisor of 46710955 and 1860.
155
What is the highest common factor of 3036 and 964766?
22
What is the highest common divisor of 259244 and 624?
4
Calculate the greatest common divisor of 17580 and 9447492.
3516
Calculate the highest common divisor of 318714 and 623634.
726
What is the highest common factor of 2584625 and 460?
115
Calculate the highest common divisor of 26572 and 207653537.
6643
What is the highest common divisor of 26446 and 23576?
14
What is the highest common factor of 5920 and 8902385?
185
What is the highest common factor of 13420651 and 85267?
937
Calculate the highest common divisor of 509274792 and 144.
72
Calculate the greatest common divisor of 1922 and 1502694.
62
Calculate the greatest common factor of 10 and 2658735.
5
What is the highest common factor of 208 and 2885888?
16
Calculate the highest common factor of 19994 and 70447.
13
What is the greatest common factor of 2189698 and 3382330?
3206
Calculate the greatest common divisor of 584430 and 3243768.
726
Calculate the highest common factor of 464117544 and 22.
22
Calculate the highest common divisor of 7110946 and 964.
482
What is the highest common factor of 311866 and 80446?
1102
What is the greatest common factor of 29374268 and 196?
28
What is the highest common factor of 407406478 and 2471?
353
What is the greatest common divisor of 3882 and 214482441?
1941
What is the greatest common factor of 132701250 and 11000?
2750
Calculate the highest common divisor of 2994 and 8136694.
998
What is the greatest common factor of 540 and 417190?
10
What is the greatest common divisor of 2434563 and 306?
9
What is the highest common factor of 420775 and 225?
25
What is the highest common factor of 120 and 277665400?
40
What is the greatest common factor of 35063830 and 20?
10
Calculate the highest common factor of 235904 and 823821.
1843
What is the greatest common factor of 340253320 and 44?
44
Calculate the highest common divisor of 206 and 4434.
2
Calculate the greatest common factor of 37730 and 9436.
14
What is the highest common divisor of 640 and 74176160?
160
What is the highest common factor of 3860674 and 32489?
613
What is the greatest common factor of 23744290 and 140?
10
Calculate the greatest common factor of 2996448 and 75376.
112
Calculate the greatest common divisor of 10 and 368926.
2
What is the greatest common divisor of 308433404 and 736?
92
Calculate the highest common divisor of 24528 and 254688.
336
What is the greatest common factor of 48755 and 2842?
49
Calculate the highest common factor of 14 and 38858386.
14
What is the highest common divisor of 14 and 11109810?
2
Calculate the highest common factor of 126194785 and 1101.
367
Calculate the highest common divisor of 2688874003 and 17.
17
What is the greatest common factor of 85033188 and 129?
129
Calculate the greatest common divisor of 4579835 and 1339.
13
Calculate the highest common factor of 75 and 390237.
3
What is the greatest common factor of 41863002 and 48?
6
Calculate the greatest common factor of 8439593 and 1329.
443
Calculate the highest common divisor of 57533861 and 81158.
2387
Calculate the highest common factor of 3549096022 and 122.
122
Calculate the greatest common factor of 831356 and 7536364.
2708
What is the highest common divisor of 1953 and 783006?
21
Calculate the greatest common factor of 2329 and 31637.
17
Calculate the greatest common divisor of 210054939 and 23928.
2991
What is the greatest common divisor of 219612943 and 121?
121
Calculate the greatest common factor of 345230 and 162345.
395
Calculate the highest common divisor of 425701286 and 862.
862
Calculate the greatest common factor of 2091202 and 562.
562
Calculate the highest common factor of 227941 and 581.
7
Calculate the greatest common divisor of 24 and 8541948.
12
What is the greatest common divisor of 195615399 and 7154?
3577
What is the greatest common factor of 79092 and 4476?
12
What is the highest common divisor of 32929803 and 9?
9
What is the highest common divisor of 4534719 and 777?
21
What is the highest common factor of 52709508 and 18?
18
What is the highest common factor of 7256 and 607268?
4
Calculate the highest common divisor of 28602 and 69606.
18
Calculate the greatest common divisor of 134602090 and 560.
70
What is the highest common factor of 173720 and 173215?
505
What is the greatest common divisor of 5565 and 403165?
35
Calculate the highest common factor of 3984 and 66490896.
48
Calculate the highest common factor of 64012 and 45448.
52
Calculate the greatest common factor of 956604609 and 3622.
1811
Calculate the highest common divisor of 25 and 4078480.
5
Calculate the greatest common divisor of 10192 and 31611762.
1274
Calculate the highest common divisor of 40 and 1156384.
8
What is the highest common factor of 173537 and 28301?
91
Calculate the highest common factor of 14573 and 23759359.
767
What is the greatest common divisor of 1708296 and 183912?
1896
Calculate the highest common factor of 17 and 132727466.
17
What is the greatest common factor of 180591300 and 9?
9
Calculate the highest common factor of 789982 and 494.
38
What is the highest common factor of 367488195 and 813?
813
What is the highest common divisor of 18 and 497888091?
9
What is the highest common divisor of 604 and 1036003148?
604
What is the highest common factor of 164 and 1952666?
82
What is the highest common divisor of 24574595 and 25070?
545
Calculate the greatest common divisor of 196380 and 30060.
180
What is the greatest common factor of 5194 and 71633051?
2597
Calculate the greatest common divisor of 10190358 and 36.
18
Calculate the greatest common factor of 25266514 and 37648.
4706
What is the greatest common factor of 20784286 and 2623?
61
What is the greatest common divisor of 13486 and 67951050?
1226
What is the highest common divisor of 6330 and 719220930?
6330
Calculate the highest common divisor of 3272060 and 99.
11
Calculate the highest common divisor of 13754348 and 1060.
212
What is the highest common factor of 308 and 2605988?
308
Calculate the greatest common factor of 198 and 283266.
18
Calculate the greatest common factor of 32850204 and 620.
124
Calculate the greatest common factor of 4 and 4969362.
2
Calculate the highest common factor of 2742 and 11981.
1
What is the greatest common divisor of 5930218 and 196?
14
What is the greatest common factor of 496 and 41851240?
248
What is the greatest common factor of 75 and 131600850?
75
Calculate the highest common divisor of 15570982 and 2135.
427
Calculate the greatest common factor of 17440415 and 10775.
2155
Calculate the greatest common divisor of 2354743548 and 54.
54
Calculate the highest common divisor of 2810880 and 16470.
5490
Calculate the greatest common factor of 29052660 and 389130.
3570
Calculate the highest common factor of 193 and 63755427.
193
What is the highest common factor of 322995 and 744830?
1765
Calculate the greatest common divisor of 7045779 and 3236181.
6591
Calculate the highest common factor of 15955186 and 104.
26
What is the greatest common factor of 572 and 11023